{"id":4988,"date":"2022-09-02T09:17:38","date_gmt":"2022-09-02T07:17:38","guid":{"rendered":"https:\/\/mmj.pl\/?page_id=4988"},"modified":"2022-09-02T09:24:19","modified_gmt":"2022-09-02T07:24:19","slug":"mmjszkoly","status":"publish","type":"page","link":"https:\/\/mmj.pl\/index.php\/mmjszkoly\/","title":{"rendered":"MMJ w szko\u0142ach"},"content":{"rendered":"\t\t<div data-elementor-type=\"wp-page\" data-elementor-id=\"4988\" class=\"elementor elementor-4988\">\n\t\t\t\t\t\t<section class=\"elementor-section elementor-top-section elementor-element elementor-element-fef0068 elementor-section-boxed elementor-section-height-default elementor-section-height-default\" data-id=\"fef0068\" data-element_type=\"section\" data-e-type=\"section\">\n\t\t\t\t\t\t<div class=\"elementor-container elementor-column-gap-default\">\n\t\t\t\t\t<div class=\"elementor-column elementor-col-100 elementor-top-column elementor-element elementor-element-586ec24\" data-id=\"586ec24\" data-element_type=\"column\" data-e-type=\"column\">\n\t\t\t<div class=\"elementor-widget-wrap elementor-element-populated\">\n\t\t\t\t\t\t<div class=\"elementor-element elementor-element-a5b3d80 elementor-widget elementor-widget-heading\" data-id=\"a5b3d80\" data-element_type=\"widget\" data-e-type=\"widget\" data-widget_type=\"heading.default\">\n\t\t\t\t<div class=\"elementor-widget-container\">\n\t\t\t\t\t<h1 class=\"elementor-heading-title elementor-size-default\">MMJ w siemianowickich szko\u0142ach i przedszkolach<\/h1>\t\t\t\t<\/div>\n\t\t\t\t<\/div>\n\t\t\t\t\t<\/div>\n\t\t<\/div>\n\t\t\t\t\t<\/div>\n\t\t<\/section>\n\t\t\t\t<section class=\"elementor-section elementor-top-section elementor-element elementor-element-f6b536b elementor-section-boxed elementor-section-height-default elementor-section-height-default\" data-id=\"f6b536b\" data-element_type=\"section\" data-e-type=\"section\">\n\t\t\t\t\t\t<div class=\"elementor-container elementor-column-gap-default\">\n\t\t\t\t\t<div class=\"elementor-column elementor-col-100 elementor-top-column elementor-element elementor-element-b536fcb\" data-id=\"b536fcb\" data-element_type=\"column\" data-e-type=\"column\">\n\t\t\t<div class=\"elementor-widget-wrap elementor-element-populated\">\n\t\t\t\t\t\t<div class=\"elementor-element elementor-element-97c10fa elementor-widget elementor-widget-text-editor\" data-id=\"97c10fa\" data-element_type=\"widget\" data-e-type=\"widget\" data-widget_type=\"text-editor.default\">\n\t\t\t\t<div class=\"elementor-widget-container\">\n\t\t\t\t\t\t\t\t\t<p>Rozpoczyna si\u0119 nowy rok szkolny. Niestety cz\u0119sto nauka w szko\u0142ach odbywa si\u0119 bez u\u017cycia nowoczesnych technologii. Zdarza si\u0119, \u017ce nawet na lekcjach informatyki uczniowie nie korzystaj\u0105 z Internetu. Bez szybkiego \u0142\u0105cza nie jest mo\u017cliwe jednoczesne korzystanie z sieci na kilkunastu stanowiskach, p\u0142ynne wy\u015bwietlanie tre\u015bci multimedialnych czy streaming zaj\u0119\u0107. Plac\u00f3wki o\u015bwiatowe z dost\u0119pem do szybkiego \u0142\u0105cza internetowego maj\u0105 wi\u0119ksze mo\u017cliwo\u015bci w przekazywaniu uczniom informacji, a tak\u017ce przygotowania ich do cyfrowego oblicza nowoczesnego \u015bwiata.<\/p><p>Zdajemy sobie spraw\u0119 z tego, \u017ce oswojenie z technologiami i pe\u0142nymi mo\u017cliwo\u015bciami Internetu nast\u0119puje w du\u017cej mierze w szko\u0142ach. Dlatego bezp\u0142atnie udost\u0119pniamy szko\u0142om b\u0119d\u0105cym w zasi\u0119gu naszej sieci dost\u0119p do szybkiego i bezpiecznego Internetu. Dzi\u0119ki temu wiele szk\u00f3\u0142 mo\u017ce zapewni\u0107 uczniom dobre przygotowanie informatyczno-techniczne, a co za tym idzie \u2013 lepszy start w cyfrow\u0105 rzeczywisto\u015b\u0107.<\/p><p><span style=\"color: #2772e3;\"><strong>\u0141\u0105cznie pomagamy ju\u017c a\u017c 13 szko\u0142om i 8 przedszkolom.<\/strong><\/span> Cieszymy si\u0119, \u017ce mamy sw\u00f3j realny udzia\u0142 w edukacj\u0119 naszych pociech.<\/p><p>Z okazji rozpocz\u0119cia nowego roku szkolnego 2022\/2023 \u017cyczymy wszystkim Uczniom wielu sukces\u00f3w i rado\u015bci ze zdobywania wiedzy, a Nauczycielom satysfakcji p\u0142yn\u0105cej z pracy.<\/p>\t\t\t\t\t\t\t\t<\/div>\n\t\t\t\t<\/div>\n\t\t\t\t<div class=\"elementor-element elementor-element-8c2be47 elementor-widget elementor-widget-spacer\" data-id=\"8c2be47\" data-element_type=\"widget\" data-e-type=\"widget\" data-widget_type=\"spacer.default\">\n\t\t\t\t<div class=\"elementor-widget-container\">\n\t\t\t\t\t\t\t<div class=\"elementor-spacer\">\n\t\t\t<div class=\"elementor-spacer-inner\"><\/div>\n\t\t<\/div>\n\t\t\t\t\t\t<\/div>\n\t\t\t\t<\/div>\n\t\t\t\t\t<\/div>\n\t\t<\/div>\n\t\t\t\t\t<\/div>\n\t\t<\/section>\n\t\t\t\t<\/div>\n\t\t","protected":false},"excerpt":{"rendered":"<p>MMJ w siemianowickich szko\u0142ach i przedszkolach Rozpoczyna si\u0119 nowy rok szkolny. Niestety cz\u0119sto nauka w szko\u0142ach odbywa si\u0119 bez u\u017cycia nowoczesnych technologii. Zdarza si\u0119, \u017ce nawet na lekcjach informatyki uczniowie nie korzystaj\u0105 z Internetu. Bez szybkiego \u0142\u0105cza nie jest mo\u017cliwe jednoczesne korzystanie z sieci na kilkunastu stanowiskach, p\u0142ynne wy\u015bwietlanie tre\u015bci multimedialnych czy streaming zaj\u0119\u0107. Plac\u00f3wki [&hellip;]<\/p>\n","protected":false},"author":1,"featured_media":0,"parent":0,"menu_order":0,"comment_status":"closed","ping_status":"closed","template":"","meta":{"footnotes":""},"class_list":["post-4988","page","type-page","status-publish","hentry","entry"],"_links":{"self":[{"href":"https:\/\/mmj.pl\/index.php\/wp-json\/wp\/v2\/pages\/4988","targetHints":{"allow":["GET"]}}],"collection":[{"href":"https:\/\/mmj.pl\/index.php\/wp-json\/wp\/v2\/pages"}],"about":[{"href":"https:\/\/mmj.pl\/index.php\/wp-json\/wp\/v2\/types\/page"}],"author":[{"embeddable":true,"href":"https:\/\/mmj.pl\/index.php\/wp-json\/wp\/v2\/users\/1"}],"replies":[{"embeddable":true,"href":"https:\/\/mmj.pl\/index.php\/wp-json\/wp\/v2\/comments?post=4988"}],"version-history":[{"count":10,"href":"https:\/\/mmj.pl\/index.php\/wp-json\/wp\/v2\/pages\/4988\/revisions"}],"predecessor-version":[{"id":4998,"href":"https:\/\/mmj.pl\/index.php\/wp-json\/wp\/v2\/pages\/4988\/revisions\/4998"}],"wp:attachment":[{"href":"https:\/\/mmj.pl\/index.php\/wp-json\/wp\/v2\/media?parent=4988"}],"curies":[{"name":"wp","href":"https:\/\/api.w.org\/{rel}","templated":true}]}}