{"id":1360,"date":"2020-02-26T09:29:04","date_gmt":"2020-02-26T08:29:04","guid":{"rendered":"http:\/\/new.mmj.pl\/?page_id=1360"},"modified":"2026-04-29T08:28:28","modified_gmt":"2026-04-29T06:28:28","slug":"serwis-pc","status":"publish","type":"page","link":"https:\/\/mmj.pl\/index.php\/serwis-pc\/","title":{"rendered":"Serwis PC"},"content":{"rendered":"\t\t<div data-elementor-type=\"wp-page\" data-elementor-id=\"1360\" class=\"elementor elementor-1360\">\n\t\t\t\t\t\t<section class=\"elementor-section elementor-top-section elementor-element elementor-element-d3a9943 elementor-section-boxed elementor-section-height-default elementor-section-height-default\" data-id=\"d3a9943\" data-element_type=\"section\" data-e-type=\"section\">\n\t\t\t\t\t\t<div class=\"elementor-container elementor-column-gap-default\">\n\t\t\t\t\t<div class=\"elementor-column elementor-col-100 elementor-top-column elementor-element elementor-element-b98831e\" data-id=\"b98831e\" data-element_type=\"column\" data-e-type=\"column\">\n\t\t\t<div class=\"elementor-widget-wrap elementor-element-populated\">\n\t\t\t\t\t\t<div class=\"elementor-element elementor-element-20cf938 elementor-widget elementor-widget-spacer\" data-id=\"20cf938\" data-element_type=\"widget\" data-e-type=\"widget\" data-widget_type=\"spacer.default\">\n\t\t\t\t<div class=\"elementor-widget-container\">\n\t\t\t\t\t\t\t<div class=\"elementor-spacer\">\n\t\t\t<div class=\"elementor-spacer-inner\"><\/div>\n\t\t<\/div>\n\t\t\t\t\t\t<\/div>\n\t\t\t\t<\/div>\n\t\t\t\t<div class=\"elementor-element elementor-element-2029969 elementor-widget elementor-widget-heading\" data-id=\"2029969\" data-element_type=\"widget\" data-e-type=\"widget\" data-widget_type=\"heading.default\">\n\t\t\t\t<div class=\"elementor-widget-container\">\n\t\t\t\t\t<h1 class=\"elementor-heading-title elementor-size-default\">SERWIS PC<\/h1>\t\t\t\t<\/div>\n\t\t\t\t<\/div>\n\t\t\t\t<div class=\"elementor-element elementor-element-c9f1634 elementor-widget elementor-widget-spacer\" data-id=\"c9f1634\" data-element_type=\"widget\" data-e-type=\"widget\" data-widget_type=\"spacer.default\">\n\t\t\t\t<div class=\"elementor-widget-container\">\n\t\t\t\t\t\t\t<div class=\"elementor-spacer\">\n\t\t\t<div class=\"elementor-spacer-inner\"><\/div>\n\t\t<\/div>\n\t\t\t\t\t\t<\/div>\n\t\t\t\t<\/div>\n\t\t\t\t<div class=\"elementor-element elementor-element-e93f39f elementor-widget elementor-widget-text-editor\" data-id=\"e93f39f\" data-element_type=\"widget\" data-e-type=\"widget\" data-widget_type=\"text-editor.default\">\n\t\t\t\t<div class=\"elementor-widget-container\">\n\t\t\t\t\t\t\t\t\t<p>W celu zapewnienia najwy\u017cszego poziomu jako\u015bci us\u0142ug, uruchomili\u015bmy Pogotowie PC.<\/p><p>W ramach Pogotowia PC oferujemy Pa\u0144stwu wsparcie przy:<\/p><ul><li>rozwi\u0105zywaniu problem\u00f3w z dost\u0119pem do Internetu<\/li><li>instalacji i konfiguracji system\u00f3w operacyjnych (windows, linux) sterownik\u00f3w i oprogramowania<\/li><li>awarii system\u00f3w i usterek sprz\u0119towych<\/li><li>usuwania wirus\u00f3w i niechcianego oprogramowania<\/li><li>archiwizacji i odzyskiwaniu danych<\/li><li>trwa\u0142ym kasowaniu danych<\/li><li>optymalizacji pracy komputera<\/li><li>tworzeniu i rozbudowie domowych sieci komputerowych<\/li><li>konfiguracji i dzieleniu \u0142\u0105cza internetowego<\/li><li>doborze i zakupie sprz\u0119tu<\/li><li>i wielu innych problemach<\/li><\/ul><p>Oddajemy do Waszej dyspozycji zesp\u00f3\u0142 fachowc\u00f3w, kt\u00f3rzy b\u0142yskawicznie zareaguj\u0105 na wszystkie Pa\u0144stwa problemy zwi\u0105zane z dzia\u0142aniem komputera, sieci czy Internetu, przyjm\u0105 zg\u0142oszenie serwisowe i rozwi\u0105\u017c\u0105 wyst\u0119puj\u0105cy problem techniczny.<\/p><p><strong>Na zg\u0142oszenia czekamy pod numerami telefon\u00f3w Pogotowia PC<\/strong><br \/>32 750 2000 oraz 32 750 2025<br \/>poniedzia\u0142ek, \u015broda, pi\u0105tek: 8.00 \u2013 16.00\u00a0 \u00a0wtorek, czwartek: 9.00 \u2013 17.00,<br \/>a tak\u017ce pod adresem\u00a0<a href=\"mailto:serwis@mmj.pl\">serwis@mmj.pl<\/a><\/p><p>W tych samych godzinach pe\u0142niony jest r\u00f3wnie\u017c dy\u017cur terenowy Pogotowia PC.\u00a0<\/p>\t\t\t\t\t\t\t\t<\/div>\n\t\t\t\t<\/div>\n\t\t\t\t\t<\/div>\n\t\t<\/div>\n\t\t\t\t\t<\/div>\n\t\t<\/section>\n\t\t\t\t<section class=\"elementor-section elementor-top-section elementor-element elementor-element-a63ba58 elementor-section-boxed elementor-section-height-default elementor-section-height-default\" data-id=\"a63ba58\" data-element_type=\"section\" data-e-type=\"section\" data-settings=\"{&quot;background_background&quot;:&quot;classic&quot;}\">\n\t\t\t\t\t\t<div class=\"elementor-container elementor-column-gap-default\">\n\t\t\t\t\t<div class=\"elementor-column elementor-col-100 elementor-top-column elementor-element elementor-element-b721389\" data-id=\"b721389\" data-element_type=\"column\" data-e-type=\"column\">\n\t\t\t<div class=\"elementor-widget-wrap elementor-element-populated\">\n\t\t\t\t\t\t<div class=\"elementor-element elementor-element-14f58b9 elementor-widget elementor-widget-spacer\" data-id=\"14f58b9\" data-element_type=\"widget\" data-e-type=\"widget\" data-widget_type=\"spacer.default\">\n\t\t\t\t<div class=\"elementor-widget-container\">\n\t\t\t\t\t\t\t<div class=\"elementor-spacer\">\n\t\t\t<div class=\"elementor-spacer-inner\"><\/div>\n\t\t<\/div>\n\t\t\t\t\t\t<\/div>\n\t\t\t\t<\/div>\n\t\t\t\t<div class=\"elementor-element elementor-element-b50c8d4 elementor-widget elementor-widget-heading\" data-id=\"b50c8d4\" data-element_type=\"widget\" data-e-type=\"widget\" data-widget_type=\"heading.default\">\n\t\t\t\t<div class=\"elementor-widget-container\">\n\t\t\t\t\t<h1 class=\"elementor-heading-title elementor-size-default\">CENNIK US\u0141UG SERWISOWYCH<\/h1>\t\t\t\t<\/div>\n\t\t\t\t<\/div>\n\t\t\t\t<div class=\"elementor-element elementor-element-8efa816 elementor-widget elementor-widget-text-editor\" data-id=\"8efa816\" data-element_type=\"widget\" data-e-type=\"widget\" data-widget_type=\"text-editor.default\">\n\t\t\t\t<div class=\"elementor-widget-container\">\n\t\t\t\t\t\t\t\t\t<p data-start=\"291\" data-end=\"419\">Ka\u017cde zg\u0142oszenie traktujemy indywidualnie, poniewa\u017c zakres prac oraz stopie\u0144 skomplikowania problemu mog\u0105 si\u0119 znacz\u0105co r\u00f3\u017cni\u0107.<\/p><p data-start=\"421\" data-end=\"541\">Z tego wzgl\u0119du ceny us\u0142ug ustalane s\u0105 indywidualnie &#8211; po wst\u0119pnej diagnozie oraz okre\u015bleniu zakresu niezb\u0119dnych dzia\u0142a\u0144.<\/p><p data-start=\"543\" data-end=\"756\">Zale\u017cy nam na pe\u0142nej transparentno\u015bci, dlatego przed rozpocz\u0119ciem realizacji zawsze informujemy o przewidywanym koszcie us\u0142ugi. Klient podejmuje decyzj\u0119 dopiero po zapoznaniu si\u0119 z wycen\u0105 &#8211; bez \u017cadnych zobowi\u0105za\u0144.<\/p><p data-start=\"758\" data-end=\"858\">W przypadku prostych us\u0142ug mo\u017cliwe jest r\u00f3wnie\u017c podanie orientacyjnej ceny ju\u017c na etapie zg\u0142oszenia.<\/p><p data-start=\"860\" data-end=\"936\">Zapraszamy do kontaktu &#8211; ch\u0119tnie doradzimy i przygotujemy dopasowan\u0105 ofert\u0119.<\/p>\t\t\t\t\t\t\t\t<\/div>\n\t\t\t\t<\/div>\n\t\t\t\t<div class=\"elementor-element elementor-element-5031b18 elementor-widget elementor-widget-spacer\" data-id=\"5031b18\" data-element_type=\"widget\" data-e-type=\"widget\" data-widget_type=\"spacer.default\">\n\t\t\t\t<div class=\"elementor-widget-container\">\n\t\t\t\t\t\t\t<div class=\"elementor-spacer\">\n\t\t\t<div class=\"elementor-spacer-inner\"><\/div>\n\t\t<\/div>\n\t\t\t\t\t\t<\/div>\n\t\t\t\t<\/div>\n\t\t\t\t\t<\/div>\n\t\t<\/div>\n\t\t\t\t\t<\/div>\n\t\t<\/section>\n\t\t\t\t<\/div>\n\t\t","protected":false},"excerpt":{"rendered":"<p>SERWIS PC W celu zapewnienia najwy\u017cszego poziomu jako\u015bci us\u0142ug, uruchomili\u015bmy Pogotowie PC. W ramach Pogotowia PC oferujemy Pa\u0144stwu wsparcie przy: rozwi\u0105zywaniu problem\u00f3w z dost\u0119pem do Internetu instalacji i konfiguracji system\u00f3w operacyjnych (windows, linux) sterownik\u00f3w i oprogramowania awarii system\u00f3w i usterek sprz\u0119towych usuwania wirus\u00f3w i niechcianego oprogramowania archiwizacji i odzyskiwaniu danych trwa\u0142ym kasowaniu danych optymalizacji pracy [&hellip;]<\/p>\n","protected":false},"author":1,"featured_media":0,"parent":0,"menu_order":0,"comment_status":"closed","ping_status":"closed","template":"","meta":{"footnotes":""},"class_list":["post-1360","page","type-page","status-publish","hentry","entry"],"_links":{"self":[{"href":"https:\/\/mmj.pl\/index.php\/wp-json\/wp\/v2\/pages\/1360","targetHints":{"allow":["GET"]}}],"collection":[{"href":"https:\/\/mmj.pl\/index.php\/wp-json\/wp\/v2\/pages"}],"about":[{"href":"https:\/\/mmj.pl\/index.php\/wp-json\/wp\/v2\/types\/page"}],"author":[{"embeddable":true,"href":"https:\/\/mmj.pl\/index.php\/wp-json\/wp\/v2\/users\/1"}],"replies":[{"embeddable":true,"href":"https:\/\/mmj.pl\/index.php\/wp-json\/wp\/v2\/comments?post=1360"}],"version-history":[{"count":129,"href":"https:\/\/mmj.pl\/index.php\/wp-json\/wp\/v2\/pages\/1360\/revisions"}],"predecessor-version":[{"id":7310,"href":"https:\/\/mmj.pl\/index.php\/wp-json\/wp\/v2\/pages\/1360\/revisions\/7310"}],"wp:attachment":[{"href":"https:\/\/mmj.pl\/index.php\/wp-json\/wp\/v2\/media?parent=1360"}],"curies":[{"name":"wp","href":"https:\/\/api.w.org\/{rel}","templated":true}]}}